28 and 6?
6
What is the highest common factor of 92 and 5152?
92
Calculate the highest common divisor of 135 and 5.
5
What is the greatest common divisor of 2355 and 15?
15
Calculate the highest common divisor of 52 and 20.
4
What is the highest common divisor of 126 and 2682?
18
What is the highest common factor of 2 and 62?
2
Calculate the greatest common factor of 710 and 30.
10
Calculate the highest common divisor of 455 and 11765.
65
Calculate the highest common factor of 1771 and 483.
161
What is the greatest common divisor of 104 and 26?
26
Calculate the highest common divisor of 464 and 1616.
16
Calculate the greatest common divisor of 24 and 120.
24
What is the greatest common factor of 26 and 650?
26
What is the greatest common divisor of 1495 and 25?
5
What is the greatest common divisor of 6 and 4617?
3
What is the greatest common divisor of 650 and 16?
2
Calculate the highest common divisor of 790 and 10.
10
Calculate the greatest common divisor of 637 and 91.
91
What is the highest common divisor of 2592 and 64?
32
Calculate the highest common divisor of 384 and 6.
6
Calculate the greatest common divisor of 50 and 3025.
25
What is the greatest common factor of 7942 and 76?
38
Calculate the greatest common factor of 47 and 1222.
47
Calculate the greatest common divisor of 345 and 207.
69
What is the highest common divisor of 574 and 13120?
82
What is the highest common factor of 66 and 2508?
66
Calculate the greatest common divisor of 1358 and 14.
14
Calculate the greatest common factor of 2072 and 14.
14
What is the highest common divisor of 322 and 14?
14
Calculate the highest common divisor of 432 and 324.
108
Calculate the highest common factor of 8 and 584.
8
Calculate the greatest common divisor of 753 and 9.
3
Calculate the greatest common divisor of 481 and 555.
37
Calculate the highest common divisor of 2499 and 35.
7
Calculate the highest common divisor of 3245 and 220.
55
What is the greatest common factor of 90 and 36?
18
What is the greatest common divisor of 100 and 260?
20
What is the greatest common divisor of 310 and 1984?
62
Calculate the highest common divisor of 711 and 18.
9
What is the greatest common factor of 80 and 180?
20
Calculate the highest common divisor of 5 and 355.
5
Calculate the greatest common factor of 48 and 528.
48
What is the highest common divisor of 3115 and 14?
7
Calculate the highest common divisor of 637 and 196.
49
Calculate the greatest common divisor of 928 and 2552.
232
What is the highest common divisor of 393 and 1441?
131
What is the greatest common factor of 108 and 567?
27
What is the greatest common factor of 78 and 2340?
78
Calculate the highest common divisor of 69 and 1127.
23
What is the highest common factor of 845 and 5?
5
What is the greatest common divisor of 15 and 10325?
5
Calculate the greatest common divisor of 26 and 2275.
13
Calculate the greatest common factor of 12 and 894.
6
What is the highest common divisor of 144 and 504?
72
Calculate the highest common divisor of 32 and 232.
8
Calculate the highest common factor of 130 and 338.
26
What is the highest common factor of 108 and 24?
12
What is the highest common divisor of 23252 and 4?
4
What is the greatest common factor of 14885 and 65?
65
Calculate the highest common factor of 25 and 9025.
25
Calculate the greatest common factor of 424 and 53.
53
Calculate the highest common divisor of 18 and 1278.
18
What is the highest common factor of 10187 and 835?
167
Calculate the greatest common factor of 1183 and 91.
91
Calculate the highest common divisor of 940 and 80.
20
Calculate the greatest common factor of 116 and 1044.
116
Calculate the greatest common factor of 10 and 3935.
5
Calculate the greatest common factor of 70 and 210.
70
Calculate the greatest common divisor of 518 and 308.
14
What is the greatest common divisor of 48 and 1956?
12
What is the highest common divisor of 147 and 105?
21
What is the highest common divisor of 168 and 196?
28
What is the highest common divisor of 1980 and 108?
36
Calculate the highest common factor of 19660 and 20.
20
What is the greatest common divisor of 72 and 11808?
72
What is the highest common divisor of 1050 and 126?
42
What is the highest common divisor of 560 and 9688?
56
Calculate the highest common factor of 69 and 6693.
69
What is the highest common divisor of 145 and 15?
5
What is the highest common factor of 10637 and 88?
11
What is the highest common divisor of 8092 and 56?
28
Calculate the greatest common factor of 273 and 29211.
273
Calculate the greatest common divisor of 1305 and 145.
145
Calculate the highest common factor of 3276 and 78.
78
What is the highest common divisor of 88 and 8?
8
What is the greatest common divisor of 21570 and 15?
15
What is the greatest common factor of 1207 and 568?
71
What is the greatest common factor of 180 and 72?
36
Calculate the highest common divisor of 1364 and 248.
124
What is the highest common factor of 4693 and 13?
13
What is the greatest common factor of 16 and 8?
8
What is the highest common factor of 18 and 6867?
9
Calculate the greatest common divisor of 32 and 3856.
16
Calculate the greatest common factor of 1770 and 60.
30
Calculate the highest common factor of 98 and 245.
49
What is the greatest common factor of 748 and 1980?
44
Calculate the greatest common divisor of 16 and 80.
16
Calculate the greatest common divisor of 12 and 852.
12
What is the greatest common divisor of 990 and 10800?
90
Calculate the greatest common divisor of 10 and 70.
10
What is the highest common divisor of 3 and 25?
1
Calculate the highest common factor of 143 and 39.
13
What is the highest common divisor of 22412 and 26?
26
What is the highest common factor of 399 and 42?
21
What is the greatest common factor of 164 and 123?
41
Calculate the highest common divisor of 1677 and 26.
13
Calculate the greatest common factor of 40 and 180.
20
Calculate the highest common divisor of 2734 and 2.
2
Calculate the greatest common factor of 280 and 160.
40
Calculate the greatest common divisor of 20 and 84.
4
Calculate the greatest common factor of 4207 and 7.
7
What is the highest common divisor of 30 and 190?
10
What is the highest common divisor of 124 and 12?
4
What is the highest common divisor of 102 and 170?
34
Calculate the highest common divisor of 42 and 11886.
42
Calculate the greatest common divisor of 1479 and 255.
51
Calculate the greatest common divisor of 66 and 13882.
22
What is the highest common divisor of 28 and 2324?
28
What is the highest common divisor of 7300 and 40?
20
Calculate the highest common divisor of 16 and 48.
16
Calculate the highest common divisor of 23 and 4071.
23
What is the greatest common factor of 234 and 2?
2
Calculate the highest common factor of 18 and 4098.
6
What is the greatest common factor of 45 and 54?
9
What is the greatest common factor of 124 and 682?
62
Calculate the highest common divisor of 150 and 6.
6
What is the highest common factor of 45 and 1629?
9
Calculate the greatest common factor of 455 and 11.
1
What is the greatest common divisor of 3 and 63?
3
What is the greatest common divisor of 714 and 6222?
102
Calculate the highest common factor of 1590 and 120.
30
What is the highest common factor of 6751 and 471?
157
Calculate the highest common factor of 26 and 14.
2
Calculate the greatest common divisor of 93 and 3.
3
What is the greatest common factor of 2413 and 95?
19
Calculate the greatest common divisor of 54 and 18.
18
What is the greatest common divisor of 1334 and 138?
46
What is the highest common divisor of 40 and 104?
8
What is the greatest common divisor of 3 and 21?
3
What is the highest common factor of 26 and 845?
13
What is the greatest common factor of 228 and 24?
12
What is the greatest common factor of 171 and 3021?
57
What is the highest common divisor of 92 and 13846?
46
What is the greatest common factor of 36 and 276?
12
What is the highest common factor of 704 and 616?
88
What is the highest common factor of 8 and 16?
8
Calculate the highest common factor of 33 and 22.
11
Calculate the greatest common factor of 43 and 1.
1
Calculate the highest common divisor of 153 and 816.
51
What is the greatest common divisor of 14530 and 10?
10
Calculate 